6) in base 5?
-203210
200112200 (base 3) to base 5
413033
-110000 (base 2) to base 14
-36
-22613 (base 7) to base 12
-3428
Convert -17554 (base 8) to base 7.
-32311
102110110 (base 3) to base 15
2720
What is 11001011011 (base 2) in base 14?
843
What is -21b (base 14) in base 4?
-12201
Convert 11101001101001 (base 2) to base 11.
10264
Convert -72 (base 12) to base 16.
-56
202 (base 16) to base 3
201001
-240 (base 5) to base 12
-5a
What is -101646 (base 9) in base 5?
-3412211
What is -210120101 (base 3) in base 13?
-7207
456 (base 15) to base 11
812
-1b85 (base 12) to base 4
-311111
Convert -200201 (base 3) to base 15.
-23a
2a0 (base 15) to base 9
736
12421 (base 5) to base 12
6a2
What is 4014 (base 6) in base 8?
1552
112010 (base 3) to base 15
1a6
2479 (base 11) to base 5
100412
-376 (base 8) to base 9
-312
Convert -13323211 (base 4) to base 10.
-32485
12442 (base 5) to base 2
1111100101
2571 (base 8) to base 11
1064
What is 337 (base 10) in base 14?
1a1
-12504 (base 6) to base 13
-b41
43573 (base 8) to base 12
a70b
What is 185c (base 13) in base 11?
27a7
What is -1120112 (base 3) in base 6?
-5152
What is 242535 (base 7) in base 4?
22302033
Convert -31938 (base 11) to base 16.
-b530
Convert -11e3 (base 16) to base 15.
-1554
What is 312010 (base 4) in base 16?
d84
Convert -2118 (base 15) to base 2.
-1101101010110
What is 20543 (base 9) in base 5?
413231
Convert 7015 (base 8) to base 11.
2780
What is 13404 (base 5) in base 10?
1104
-447 (base 14) to base 5
-11342
What is 9487 (base 13) in base 12?
ba94
-1213 (base 10) to base 9
-1587
3021201 (base 5) to base 10
48301
Convert -2012 (base 6) to base 11.
-370
-403131 (base 5) to base 8
-31164
-b1e (base 15) to base 2
-100111001000
What is -3844 (base 12) in base 16?
-18f4
-43023 (base 5) to base 11
-2196
What is 1238 (base 10) in base 9?
1625
What is -222111 (base 3) in base 5?
-10330
110101011 (base 2) to base 5
3202
What is -21544 (base 6) in base 13?
-14b0
Convert -a31 (base 11) to base 7.
-3425
What is 171 (base 11) in base 10?
199
What is 23000 (base 5) in base 6?
11305
Convert 2200112 (base 3) to base 5.
30313
11010111000110 (base 2) to base 12
7b72
What is -2a74 (base 13) in base 7?
-24005
Convert -426 (base 11) to base 2.
-1000000000
What is 120220 (base 3) in base 8?
655
Convert -100100110 (base 2) to base 5.
-2134
Convert -659 (base 16) to base 10.
-1625
Convert -2112 (base 12) to base 14.
-1462
232313 (base 4) to base 9
4102
What is -3373 (base 13) in base 12?
-41b4
What is -10300233 (base 4) in base 8?
-46057
What is -297 (base 12) in base 14?
-20b
42cf (base 16) to base 4
10023033
Convert 2367 (base 8) to base 15.
59b
205 (base 9) to base 14
bd
What is -101111001111001 (base 2) in base 11?
-17197
13224 (base 8) to base 2
1011010010100
-6682 (base 12) to base 15
-3555
1111212 (base 3) to base 15
4d8
What is -2771 (base 9) in base 14?
-a93
Convert -49a4 (base 11) to base 7.
-25013
Convert 152132 (base 6) to base 10.
14744
What is 111001101011 (base 2) in base 16?
e6b
-235456 (base 7) to base 5
-2332034
Convert -231400 (base 5) to base 12.
-49ba
-3901 (base 11) to base 3
-20222021
What is 4511 (base 7) in base 13?
980
10430 (base 6) to base 15
673
-2214 (base 7) to base 9
-1073
What is -1362 (base 8) in base 6?
-3254
Convert -23735 (base 8) to base 4.
-2133131
What is 16db (base 16) in base 3?
22000201
What is -19a9 (base 15) in base 5?
-134214
Convert -311 (base 10) to base 8.
-467
What is -3566 (base 13) in base 6?
-54452
43212 (base 6) to base 14
2224
Convert -12235 (base 13) to base 12.
-17361
What is 14231 (base 6) in base 10?
2251
Convert -380 (base 11) to base 15.
-201
b93 (base 14) to base 16
8ed
-685 (base 16) to base 3
-2021211
4a07 (base 11) to base 15
1e11
-8576 (base 16) to base 12
-17932
What is 230101 (base 5) in base 2?
1111111010111
-2011000 (base 3) to base 7
-4365
Convert -13010 (base 9) to base 5.
-240012
-3114 (base 14) to base 10
-8446
Convert -21010201 (base 3) to base 13.
-24a3
Convert 64db (base 15) to base 7.
116156
What is 957 (base 15) in base 9?
2801
Convert -1332424 (base 5) to base 9.
-41325
Convert -10215 (base 7) to base 3.
-10110000
103302 (base 6) to base 13
3b66
449 (base 10) to base 8
701
What is -12 (base 14) in base 16?
-10
What is -27ad (base 16) in base 2?
-10011110101101
What is -2403 (base 5) in base 10?
-353
Convert -130 (base 11) to base 2.
-10011010
Convert a0d5 (base 14) to base 15.
82bc
-11232123 (base 4) to base 3
-1012011120
-37c3 (base 16) to base 10
-14275
10221 (base 4) to base 2
100101001
What is -3143124 (base 5) in base 3?
-2200120210
Convert 32503 (base 7) to base 9.
12141
1013033 (base 4) to base 12
277b
7707 (base 15) to base 12
12707
139 (base 14) to base 16
f7
1220011201 (base 3) to base 11
26035
What is 80a (base 16) in base 7?
6000
Convert -404240 (base 5) to base 9.
-18832
-1c49 (base 14) to base 15
-17e1
What is -435 (base 14) in base 3?
-1010210
Convert -133 (base 7) to base 12.
-61
-23418 (base 10) to base 8
-55572
1203 (base 7) to base 4
12330
319 (base 13) to base 9
647
What is -18a1 (base 15) in base 9?
-7267
-1000010001 (base 2) to base 16
-211
-110101221 (base 3) to base 2
-10001101010011
What is -37a8 (base 14) in base 9?
-14335
-4244 (base 7) to base 2
-10111011110
Convert 27037 (base 8) to base 15.
3772
-2441312 (base 5) to base 16
-b579
What is -12321303 (base 4) in base 3?
-1102210020
Convert 31377 (base 9) to base 13.
9583
What is -12441 (base 5) in base 9?
-1326
a7b (base 12) to base 6
11035
What is -1305 (base 6) in base 14?
-197
What is 7548 (base 12) in base 4?
3021020
Convert -4668 (base 14) to base 3.
-121210111
What is 24515 (base 6) in base 13?
1877
-13336 (base 13) to base 6
-433144
-307 (base 14) to base 11
-4a1
-62 (base 12) to base 3
-2202
Convert -322021 (base 4) to base 16.
-e89
Convert -365b (base 14) to base 13.
-441c
1032 (base 10) to base 9
1366
Convert -130 (base 11) to base 7.
-310
Convert -1603 (base 9) to base 5.
-14333
What is -8a8 (base 12) in base 16?
-500
What is 1430 (base 6) in base 10?
378
Convert -2310 (base 5) to base 8.
-512
What is -1576 (base 8) in base 11?
-743
What is -80b (base 14) in base 8?
-3053
31133 (base 8) to base 11
975a
What is -225 (base 9) in base 6?
-505
What is -306435 (base 7) in base 3?
-2200021220
-33024 (base 5) to base 9
-3085
Convert 10011110111 (base 2) to base 11.
a56
-c7 (base 13) to base 16
-a3
12001 (base 4) to base 3
112021
Convert -1ba (base 12) to base 9.
-347
Convert 272e (base 15) to base 4.
2002301
200100001 (base 3) to base 10
13366
Convert 538 (base 9) to base 12.
308
1123 (base 11) to base 3
2000201
-1867 (base 11) to base 5
-33442
24ba (base 12) to base 14
1742
3161 (base 13) to base 16
1ab7
-1291 (base 11) to base 9
-2258
-1402 (base 5) to base 3
-22102
99 (base 12) to base 15
7c
Convert 120112 (base 3) to base 5.
3134
Convert a71 (base 16) to base 11.
2010
-17d3 (base 16) to base 4
-1133103
Convert -3202 (base 15) to base 10.
-10577
466 (base 10) to base 7
1234
What is -1b6e (base 15) in base 4?
-1131002
2444 (base 5) to base 6
1422
-36d (base 16) to base 5
-12002
Convert 11000100 (base 2) to base 15.
d1
11849 (base 12) to base 16
5c79
What is -21221 (base 4) in base 11?
-511
-150221 (base 6) to base 4
-3200011
Convert -45db (base 14) to base 3.
-121122222
What is 12323 (base 5) in base 2?
1111000011
Convert -1a2 (base 16) to base 3.
-120111
What is 1332033 (base 6) in base 11?
50929
What is -7244 (base 9) in base 10?
-5305
What is 15500 (base 6) in base 14?
d08
What is -10241 (base 5) in base 11?
-583
What is -6ae2 (base 15) in base 10?
-22712
Convert 14520 (base 8) to base 4.
1211100
Convert 69d (base 15) to base 5.
21443
Convert -36462 (base 7) to base 4.
-2110131
21523 (base 7) to base 13
25cc
What is -1611 (base 7) in base 16?
-285
Convert -668a (base 12) to base 6.
-124254
What is 121112210 (base 3) in base 2?
10111100011111
What is -b57f (base 16) in base 2?
-1011010101111111
-31203 (base 5) to base 13
-c1c
What is 32272 (base 11) in base 4?
23130322
Convert -ba0 (base 16) to base 5.
-43401
What is 1405 (base 8) in base 4?
30011
3313012 (base 4) to base 12
919a
Convert 9ac (base 16) to base 10.
2476
What is 2184 (base 16) in base 7?
34005
What is 24491 (base 10) in base 2?
101111110101011
14440 (base 9) to base 3
111111100
Conver